{"id":6,"date":"2010-06-18T06:45:35","date_gmt":"2010-06-18T06:45:35","guid":{"rendered":"http:\/\/www.fredrikalvelov.se\/?page_id=2"},"modified":"2025-04-12T10:36:22","modified_gmt":"2025-04-12T08:36:22","slug":"om","status":"publish","type":"page","link":"https:\/\/fredrikalvelov.se\/","title":{"rendered":"Om mig"},"content":{"rendered":"<h2>Barndomen<\/h2>\n<p>Jag startade livet 1972 och v\u00e4xte upp i stadsdelen Almby i \u00f6stra \u00d6rebro. Jag var som liten ganska f\u00f6rsiktig av mig och s\u00f6gs hellre in i vetenskapliga b\u00f6cker och science-fiction \u00e4n spelade hockey och fotboll. Granne med mormor och morfar fick jag en naturlig gemenskap med de \u00e4ldre generationerna.<\/p>\n<h2>Fritidsintressen<\/h2>\n<p>Musikintresset startade tidigt. Det var f\u00f6r\u00e4ldrarnas musiksmak som p\u00e5verkade mycket, f\u00f6rst\u00e5s. En salig blandning av svensk folkmusik (de dansade folkdans), Lill Lindfors, Lee Hazlewood, jazz, Pierre Isacsson och Svensktoppen. Den musik som var t\u00e4nkt f\u00f6r oss som var barn p\u00e5 70-talet och tilltalade mig var James Hollingworth &amp; Karin Ljungman (&#8221;\u00c4lgarna demonstrerar&#8221;) samt klassiska barnvisor som Alice Tegn\u00e9r.<\/p>\n<p>Synthmusiken gjorde sitt int\u00e5g i mitt liv i form av tyska Kraftwerk. Sedan blev det Depeche Mode, Erasure och annat blipp-blopp. Idag lyssnar jag p\u00e5 det mesta, men kv\u00e4llstid f\u00e5r det g\u00e4rna vara n\u00e5got med lite atmosf\u00e4r och rymd, som Vangelis eller Mike Oldfield. Oceanlab \u00e4r en annan favorit. Mauro Scocco\/Ratata, Dire Straits, Phil Collins och Paul Simon har varit l\u00e5ngvariga g\u00e4ster i mitt vardagsrum. Jag f\u00e5r inte heller gl\u00f6mma Kent och Lars Winnerb\u00e4ck. George Michael f\u00e5r ocks\u00e5 sjunga lite hemma.<\/p>\n<p>Den egna musiken b\u00f6rjade med den n\u00e4st intill obligatoriska blockfl\u00f6jten i l\u00e5gstadiet. Sedan f\u00f6ljde altblockfl\u00f6jten samtidigt med gossk\u00f6r! Lite fiol hann jag ocks\u00e5 med, fast bara n\u00e5got \u00e5r. Jag och pappa gick p\u00e5 pianokurs med Suzuki-metodik (p\u00e5 geh\u00f6r, man spelar utan noter). Musikut\u00f6vandet varvades med schackspel och simning.<\/p>\n<p>1992 b\u00f6rjade jag tr\u00e4na p\u00e5 gym. Snart var jag helt uppslukad av gymkulturen, kroppsbyggning, n\u00e4ringsl\u00e4ra, biokemi och h\u00e4lsokost. Numera \u00e4r det en hobby bland alla andra.<\/p>\n<p>Intresset f\u00f6r hi-fi, hemmabio, datorer, teknik och naturvetenskap i stort har f\u00f6ljt mig genom \u00e5ren. P\u00e5 senare tid har det smugit sig in ett intresse f\u00f6r historia och psykologi. Ta mig tusan! Jag har n\u00e4rt en humanist vid min barm! Det ryktet bekr\u00e4ftas ocks\u00e5 genom att jag nu g\u00e5tt och blivit &#8221;god man&#8221; och f\u00f6rvaltare f\u00f6r tv\u00e5 personer.<\/p>\n<p>Ett tag var jag med i fotoklubben Focus. Nu \u00e4r det s\u00e5ng i mansk\u00f6ren Lorelei som \u00e4r f\u00f6reningsverksamheten. Lokalhistoria n\u00e5gra terminer f\u00f6ljdes av kurs i amat\u00f6rteater, som nu p\u00e5g\u00e5r.<\/p>\n<h2>Utbildning<\/h2>\n<p>Ju mer man l\u00e4r sig, desto mer f\u00f6rst\u00e5r man hur lite man vet. Det g\u00e4ller i alla fall mig, \u00e4ven om jag m\u00e4rkt att m\u00e5nga i min omgivning saknar den sj\u00e4lvinsikten.<\/p>\n<p>Det blev Teknis&#8217; efter h\u00f6gstadiet. Numera kallas \u00d6rebros tekniska gymnasium f\u00f6r Rudbecksskolan, n\u00e5got som vi gamla teknister envist sl\u00e5r ifr\u00e5n oss att den n\u00e5gonsin skulle ha hetat. Sedan f\u00f6ljde laboratorieassistentutbildningen i mikrobiologi p\u00e5 V\u00e5rdh\u00f6gskolan i \u00d6rebro, d\u00e5 bel\u00e4gen i f.d. Aln\u00e4ngsskolan vid Slussen i de lokaler som nu \u00e4r Wadk\u00f6pings utbildningscenter. Kort efter att jag g\u00e5tt ut, sl\u00e4ngde de p\u00e5 en 10-po\u00e4ngsuppsats och gav studenterna 3 \u00e5r p\u00e5 sig f\u00f6r samma utbildning som vi klarade p\u00e5 2,5 \u00e5r. Dessutom d\u00f6pte de om titeln till tjusiga &#8221;biomedicinsk analytiker&#8221;. Lumpen f\u00f6ljde p\u00e5 det: A9 i Kristinehamn. Blev f\u00f6rst skyttesoldat, sedan sjukv\u00e5rdare och sist civil pga skadat kn\u00e4 och rej\u00e4lt stukad fotled. Okej, jag \u00e4r ett pacifistiskt bl\u00f6tdjur!<\/p>\n<p>Tog upp studierna n\u00e5gra \u00e5r senare och l\u00e4ste milj\u00f6analytisk kemi p\u00e5 \u00d6rebro Universitet. V\u00e4ldigt m\u00e5nga trevliga och intelligenta m\u00e4nniskor med skruvad humor, som jag verkligen saknar (b\u00e5de humorn och m\u00e4nniskorna).<\/p>\n<h2>Jobben<\/h2>\n<p>Varje sommar under studietiden lyckades jag hitta jobb. Det var charkdisken p\u00e5 ICA, V\u00e4gverkets (d\u00e5varande Trafiks\u00e4kerhetsverket) registeravdelning samt Farmek (Scan). M\u00e5nga udda figurer som berikade mitt liv, speciellt p\u00e5 Farmek. Det \u00e4r med en t\u00e5r i \u00f6gat jag saknar Krok-B\u00f6rje, Turken, Kjille, Kent, Ulla och Granis. Alltid sp\u00e4nnande efter helgerna, med Krok-B\u00f6rjes r\u00f6varhistorier.<\/p>\n<p>Ett halv\u00e5r var jag instrukt\u00f6r p\u00e5 Brickebackens gym. 5-6 \u00e5r var jag s\u00e4ljare och sedan ett kort tag butikschef p\u00e5 Naturapoteket. H\u00e4lsokostkedjan s\u00e5ldes sedan och inf\u00f6rlivades i Life. 2003 b\u00f6rjade jag p\u00e5 SAKAB, f\u00f6rst som innes\u00e4ljare och fr\u00e5n 2007 till 2011 som samordnare f\u00f6r import\/export.<\/p>\n<p>S\u00e5 var det dags f\u00f6r luftombyte och i juni 2012 b\u00f6rjade jag p\u00e5 LBC Logistik i Karlskoga, som s\u00e4ljare f\u00f6r milj\u00f6tj\u00e4nster. Det var inte riktigt den utmaning jag hade t\u00e4nkt mig, d\u00e5 jag hoppats p\u00e5 mer verksamhetsutveckling och mindre monotont s\u00e4lj.<\/p>\n<p>N\u00e4r jag utnyttjat min arbetsl\u00f6shetsf\u00f6rs\u00e4kring fr\u00e5n Unionen fullt ut, men \u00e4nd\u00e5 inte hittat det jag s\u00f6kte p\u00e5 arbetsmarknaden, best\u00e4mde jag mig f\u00f6r att f\u00f6rverkliga min dr\u00f6m och bli egen f\u00f6retagare. Ett tufft beslut, som jag i skrivande stund, maj 2014, hoppas var det r\u00e4tta. <a href=\"http:\/\/tekniksamariten.se\" target=\"_blank\" rel=\"noopener\"><span style=\"color: #800000;\"><strong>Tekniksamariten<\/strong><\/span><\/a> \u00e4r mitt alias, n\u00e4r jag hj\u00e4lper privatpersoner, f\u00f6reningar och sm\u00e5f\u00f6retagare med datorer, internetanslutning, telefoner och TV.<\/p>\n<p>Genom envishet och en smula tur fick jag m\u00f6jligheten av bli kursledare i teknik\u00e4mnen p\u00e5 b\u00e5de ABF och Medborgarskolan. Detta ihop med uppdrag som god man och f\u00f6rvaltare samt timanst\u00e4llning p\u00e5 Life-butikerna i \u00d6rebro har gjort att jag faktiskt har \u00f6verlevt! Skam den som ger sig!<\/p>\n<p>&nbsp;<\/p>\n<p>&nbsp;<\/p>\n","protected":false},"excerpt":{"rendered":"<p>Barndomen Jag startade livet 1972 och v\u00e4xte upp i stadsdelen Almby i \u00f6stra \u00d6rebro. Jag var som liten ganska f\u00f6rsiktig av mig och s\u00f6gs hellre in i vetenskapliga b\u00f6cker och science-fiction \u00e4n spelade hockey och fotboll. Granne med mormor och&#8230; <a href=\"https:\/\/fredrikalvelov.se\/\" class=\"readmore\">L\u00e4s mer<span class=\"screen-reader-text\">Om mig<\/span><span class=\"fa fa-angle-double-right\" aria-hidden=\"true\"><\/span><\/a><\/p>\n","protected":false},"author":1,"featured_media":0,"parent":0,"menu_order":0,"comment_status":"closed","ping_status":"closed","template":"","meta":{"footnotes":""},"class_list":["post-6","page","type-page","status-publish","hentry"],"_links":{"self":[{"href":"https:\/\/fredrikalvelov.se\/index.php?rest_route=\/wp\/v2\/pages\/6","targetHints":{"allow":["GET"]}}],"collection":[{"href":"https:\/\/fredrikalvelov.se\/index.php?rest_route=\/wp\/v2\/pages"}],"about":[{"href":"https:\/\/fredrikalvelov.se\/index.php?rest_route=\/wp\/v2\/types\/page"}],"author":[{"embeddable":true,"href":"https:\/\/fredrikalvelov.se\/index.php?rest_route=\/wp\/v2\/users\/1"}],"replies":[{"embeddable":true,"href":"https:\/\/fredrikalvelov.se\/index.php?rest_route=%2Fwp%2Fv2%2Fcomments&post=6"}],"version-history":[{"count":13,"href":"https:\/\/fredrikalvelov.se\/index.php?rest_route=\/wp\/v2\/pages\/6\/revisions"}],"predecessor-version":[{"id":756,"href":"https:\/\/fredrikalvelov.se\/index.php?rest_route=\/wp\/v2\/pages\/6\/revisions\/756"}],"wp:attachment":[{"href":"https:\/\/fredrikalvelov.se\/index.php?rest_route=%2Fwp%2Fv2%2Fmedia&parent=6"}],"curies":[{"name":"wp","href":"https:\/\/api.w.org\/{rel}","templated":true}]}}